c + 203 = 0, 0*v - 5*v + 1032 = 3*c. What is the remainder when v is divided by 19?
17
Suppose m = -0 - 1, -5*o = -3*m - 28. Suppose 2*g = -o + 13. Let h = -482 - -484. Calculate the remainder when g is divided by h.
0
Let d be 2/4*1*-88. Suppose 3*q = -1 - 2. What is the remainder when (0 + (d - 0))/q is divided by 15?
14
Let s(p) = 15*p + 4. Let i be 3 + (-3)/(7 + -4). Calculate the remainder when s(i) is divided by 9.
7
Suppose 2*b + 274 = 3*w, -4*w = -b - 260 - 107. Calculate the remainder when w is divided by 31.
30
Calculate the remainder when 14 is divided by -6*(2 - 10/3).
6
Suppose t - l = 0, -2*t - 4*l = -0*t - 18. Suppose -v + t*v = 70. What is the remainder when v is divided by 18?
17
Let n(j) = 32*j**2 + 2*j + 2. What is the remainder when n(-1) is divided by 11?
10
Let n = 21 - 5. Calculate the remainder when 46 is divided by n.
14
Suppose 5*z - 34 - 81 = 0. Suppose -2*j + 4*a = -80, -4*a = -5*j + 262 - 62. Suppose -4*v + 9*v - j = 0. Calculate the remainder when z is divided by v.
7
Suppose -t - 4*t = 10. Let j(l) = -l**2 - 4*l. Let h = -8 - -15. What is the remainder when h is divided by j(t)?
3
What is the remainder when 80 is divided by (27/18)/((-3)/(-54))?
26
Suppose 0 = -4*o + 12. Suppose 0 = -m - 5, -o*u + 39 - 14 = m. Calculate the remainder when u is divided by 6.
4
Let b = 26 - 15. Calculate the remainder when 5/5*(-129)/(-3) is divided by b.
10
Suppose -v = -3*g - 2*v + 34, -26 = -2*g - 4*v. Calculate the remainder when 31 is divided by g.
9
Let c(v) = v**2 - 2*v + 2. Let r be c(2). Suppose n = r*n - 12. What is the remainder when n is divided by 3*(2 - 2/(-6))?
5
What is the remainder when 95 is divided by 286/12 + 4/24?
23
Let z(o) = -2 + 11*o - o - 3*o - 3*o**2 - o**3. Let i be z(-6). Let s = -39 + i. What is the remainder when 48 is divided by s?
23
Let q(f) = -8*f + 9. Let d be q(-4). Suppose 5*h + d = 126. Calculate the remainder when 31 is divided by h.
14
Let s(g) = 4*g**2 - 1. Let r be s(1). Suppose -r*d + 21 = -0*d. What is the remainder when (-79)/(-4) + 2/8 is divided by d?
6
Let g be (-1 + 4)/(1/2). Let x = g - 2. Suppose x*i - 8 - 1 = p, p - 9 = -2*i. What is the remainder when 4 is divided by p?
1
Suppose -70 = -5*w + 2*r, 0 = 3*w - 4*r - 29 - 13. Let a = 40 + 43. Let y = -57 + a. Calculate the remainder when y is divided by w.
12
Suppose 4*y - 5*q - 26 = 21, -4*y + 55 = 3*q. What is the remainder when 6/2*(-46)/(-6) is divided by y?
10
Let d(x) be the second derivative of -7*x**3/6 - x. Let r(v) = -7*v. Let t(p) = 2*d(p) - 3*r(p). What is the remainder when t(7) is divided by 17?
15
Let n(o) = o - 5. Let f = 18 - 11. What is the remainder when 7 is divided by n(f)?
1
Suppose z + 0*y - 11 = -2*y, -5*z - 2*y + 55 = 0. Suppose 27*l = -34*l + 2440. What is the remainder when l is divided by z?
7
Suppose 38 - 552 = u - 2*v, -4*u = 2*v + 2066. Calculate the remainder when 6/14 + u/(-21) is divided by 9.
7
Let d = 8 + 46. What is the remainder when d is divided by ((-6)/18)/((-2)/114)?
16
Suppose 165 = 2*g + 3*g. Calculate the remainder when g is divided by 9.
6
Let j(v) = 5*v**2 + 2. Suppose 2*d = 3*d + 4. Let a be j(d). Suppose a = k + k. What is the remainder when k is divided by 14?
13
Let d be 1274/35 - 2/5. Suppose -3*h - 9 + d = 0. What is the remainder when 16 is divided by h?
7
Suppose -2*c = 3*c - 25. Suppose 3*u - 20 = -c. Calculate the remainder when 13 is divided by u.
3
What is the remainder when 11 is divided by (-104)/(-18) + (-6)/(-27)?
5
Let q = 13 + 56. What is the remainder when q is divided by 35?
34
Calculate the remainder when ((-14)/8)/((-4)/48) is divided by 12.
9
Let l(m) be the first derivative of -m**4/4 - 10*m**3/3 - m**2 - 4*m - 1. Let q be (-58)/6 - 13/39. Calculate the remainder when 47 is divided by l(q).
15
Let j(y) = 4*y - 7. Suppose -3*a + 10 = f, -2*f - 1 = -3*a - 12. Calculate the remainder when j(f) is divided by 12.
9
Let b(m) = -2*m**2. Let o be b(-1). Let p be 2/(-1 - 1*o). Suppose 2*r = p*t - 29 - 19, 5*t = -r + 138. What is the remainder when t is divided by 14?
13
Let q(l) = l**3 - 5*l**2. Let k be q(5). Let u be 2 - (k + (-14 - -1)). Suppose 4*s - 7 = -j - 2*j, j + u = 3*s. What is the remainder when 7 is divided by s?
3
Suppose 0 = -z - 5*i + 17, 3 + 11 = z + 4*i. Calculate the remainder when 20 is divided by (1/z)/(1/22).
9
Let x be (-1 + 0)/((-3)/6). Suppose 3*s = x*s + 15. What is the remainder when s is divided by 4?
3
Suppose -4*t + 41 = 1. Let n(y) be the first derivative of y**4/4 + 7*y**3/3 + y**2 - 6*y + 3. Calculate the remainder when n(-6) is divided by t.
8
Suppose -t + 11 = -4*w - 28, 5*w - 185 = -3*t. Calculate the remainder when t is divided by 19.
17
Let b(z) = z**3 - 16*z**2 + 38. Calculate the remainder when b(16) is divided by 13.
12
Calculate the remainder when (6/3)/(-2)*-19 is divided by -1 + (-2 - -4) + 6.
5
What is the remainder when (-2 - -2) + 50 - 0 is divided by 13?
11
Suppose 0 = -15*z + 63 + 207. Let f(c) = -c**2 - 5*c - 1. What is the remainder when z is divided by f(-3)?
3
Let q = 7 - 4. Suppose -q*c + c - 6 = 0. Calculate the remainder when (-91)/(-4) - c/12 is divided by 8.
7
Let c = -52 + 74. Calculate the remainder when 32 is divided by c.
10
Suppose -3*p + 12 = -y - 0*y, 0 = 3*p + 3*y. Suppose -p*u + 54 + 70 = d, -3*d + 208 = 5*u. What is the remainder when u is divided by 11?
8
Let m(s) = s**3 - 15*s**2 + 26*s + 22. What is the remainder when ((-24)/3)/((-2)/16) is divided by m(13)?
20
Let b(l) = -l**2 + 6*l - 4. Let y be b(3). Suppose 3*t + 56 = 4*k, -60 - 11 = -y*k + 4*t. Let v(o) = -5*o - 3. What is the remainder when v(-7) is divided by k?
10
Let g be 1 + 0 - (11 - 13). What is the remainder when (6/(-8))/(g/(-12)) is divided by (1 + -2)/(-3)*6?
1
Suppose -2*g = -0*g - 44. What is the remainder when 41 is divided by g?
19
Let u(q) = -2*q**2 - q + 3. Let n be u(-4). Let y = 60 + n. What is the remainder when y is divided by 12?
11
Suppose 3*i = -2*i + 65. Let q = -8 + i. Suppose 2*z = 5*k - 164, -q*k + 46 = -4*k + 4*z. Calculate the remainder when k is divided by 18.
16
What is the remainder when (-138)/(-8) - 8/32 is divided by 6?
5
Let o be (-57)/(-2) + 2/(-4). Let i = -23 + 24. Let j = i + o. What is the remainder when j is divided by 10?
9
What is the remainder when 33 is divided by 3/(42/242) - (-12)/(-42)?
16
Suppose 4*z = 2*i + 30, z + i = -2 + 5. Suppose -u + 5*u - 112 = 0. Calculate the remainder when u is divided by z.
4
Suppose t - 2*t = -20. Let k(h) = -20*h - 2. What is the remainder when k(-2) is divided by t?
18
Let z = 7 - 4. Suppose z*h + c = 3*c + 68, -2*h + 77 = 5*c. What is the remainder when h is divided by 14?
12
Let b(c) = -c**3 - 7*c**2 + 8*c + 6. Calculate the remainder when b(-8) is divided by 2.
0
Let w(g) = g**3 + 11*g**2 + 19*g + 23. What is the remainder when 81 is divided by w(-9)?
11
Suppose 33 = 4*t + 5*j - 0, j - 8 = -t. Suppose 5*y + 4*l = 2*l + 15, 5*l = -5*y. Let g(o) = o**2 - 5. Calculate the remainder when g(y) is divided by t.
6
Let t = -100 - -109. What is the remainder when 16 is divided by t?
7
Let m = -3 - -9. Suppose -s + m + 9 = 0. Suppose 3*t - 9 - 3 = 0. What is the remainder when s is divided by t?
3
Suppose -11*q = -14*q + 81. What is the remainder when q is divided by 11?
5
Suppose 4*f + 7*a - 2*a = 74, 109 = 5*f - 2*a. Suppose f = 3*x - 2*k, -2*x + 5*k + 10 = -3*x. What is the remainder when 17 is divided by x?
2
Suppose 4*a - 2*a - 162 = 0. What is the remainder when a is divided by 21?
18
Let v = 93 + -61. Calculate the remainder when v is divided by 13.
6
Suppose -2*g + 6*g + 4*l - 4 = 0, -4*g = 5*l - 3. Suppose -5*p + 35 = -g*p - 4*t, 5*t - 54 = -2*p. What is the remainder when 48 is divided by p?
14
Let d = 27 - 18. What is the remainder when 3 + 34 + -1 + -2 is divided by d?
7
What is the remainder when (808/12 - -2) + 2/(-6) is divided by 14?
13
Let i = -73 - -102. Let t = 10 + 5. Calculate the remainder when i is divided by t.
14
Suppose -3*y + b = 368, 2*b - b + 128 = -y. Let h = y + 184. Suppose -2 = -t, -a - a + h = t. Calculate the remainder when a is divided by 10.
9
Let u(i) = 5*i. Suppose -7 = -2*c + c. Calculate the remainder when u(c) is divided by (2 - -1)/(2/12).
17
Let u(j) = j**3 + 7*j**2 + 5*j - 9. What is the remainder when 189 is divided by u(